r). Suppose 8 = 4*l - 2*l. Give d(l).
-5
Suppose 4*p = -2*g + 3*g + 20, 0 = 2*g + 8. Let y(u) = 10 - 2*u - p - 3*u. Let i(m) = -m. Let f(b) = -6*i(b) + y(b). Determine f(0).
6
Let j(k) be the first derivative of -7*k**3/3 + k**2 - k + 1. Let g be -1 - (0 + (3 - 5/1)). What is j(g)?
-6
Let h = 50 + -35. Let j(z) = 4*z - z + 1 + 14*z**2 - h*z**2. Calculate j(2).
3
Let m(f) = -4*f**2 + 6*f - 2. Let g(d) = 0*d**2 - 1 + d**2 + 0*d**2. Let l(n) = 3*g(n) + m(n). Let h = 13 - 9. Determine l(h).
3
Let g(f) = 3*f**2 - 4*f**3 + 1 + 7*f - 2*f - 7*f + 3*f**3. What is g(3)?
-5
Let f(r) = r + 4. Suppose 4*q - t + 1 + 0 = 0, -4*q - 2*t + 2 = 0. Give f(q).
4
Let q be (1/2)/(-1)*6. Let k(o) = -o + 2. Calculate k(q).
5
Let h(i) be the first derivative of i**4/4 + i**3 - i**2 + 5*i - 3. Calculate h(-4).
-3
Let j(b) = -b**2 - 10*b + 16. Suppose 3*m - g + 33 = 0, -3*m + 4*g - 5 - 28 = 0. Let a be j(m). Let h(s) = s**2 - 9*s + 5. Calculate h(a).
-15
Suppose 23 - 5 = 2*r. Let h = 14 - r. Let y(q) = q - 1. Calculate y(h).
4
Let m(o) = 2*o**2 - 3*o + 3. Let i(j) = 4*j**2 + 5*j - 9. Let q(f) = f**2 + 2*f - 3. Let u(d) = 2*i(d) - 7*q(d). Let n(k) = -2*m(k) + 3*u(k). Calculate n(-6).
3
Let z(i) be the first derivative of i**2 - 3*i - 29. Let w = -4 - -9. Suppose -5 = 5*f - w*g, 3*f + 3*g - g = 17. What is z(f)?
3
Let x(b) = -4*b + 29. Let s(d) = 2*d - 14. Let r(n) = -5*s(n) - 2*x(n). Give r(9).
-6
Suppose -5*o - 29 = -2*g, g = -g + 2*o + 14. Let l(b) = 4*b + 1. Determine l(g).
9
Let i be 2*(-3)/(-6)*-2. Let l = 6 + i. Suppose -l*s = s. Let y(d) = d + 7. Determine y(s).
7
Let k = 13 + -8. Suppose -5*d = k*m - 30, 0*d = -2*d + 2*m + 8. Let z(u) = u**3 - 4*u**2 - 6*u + 7. Calculate z(d).
2
Let p(x) = x. Let c(y) = 3*y. Let m(b) = -6*c(b) + 6*p(b). Give m(-1).
12
Let h(a) be the third derivative of a**6/120 - a**5/12 - a**4/12 + 5*a**3/6 - 3*a**2. Let p be h(5). Let r(q) = -2*q - 5. Calculate r(p).
5
Let m(p) = p**3 + 2*p**2 + 4*p - 1. Let o(b) = -b**3 - b**2 - 4*b + 1. Let g be ((-1)/(-2))/((-1)/8). Let l(u) = g*m(u) - 3*o(u). Determine l(-4).
1
Let s(f) = f - 9. Let l = -26 - -17. Let k be (-2)/(-3) - 30/l. What is s(k)?
-5
Let w(f) be the first derivative of -f**6/360 + f**5/120 - f**4/6 - 2*f**3/3 - 2. Let g(q) be the third derivative of w(q). Let x = -14 + 14. What is g(x)?
-4
Suppose -15 = 4*k - k. Let v(a) = 0*a - 1 - a + a**2 + 2. Let s(g) = 7*g**2 - 2*g + 8. Let w(c) = -s(c) + 6*v(c). Determine w(k).
-7
Let l(f) = -2*f**3 + 3*f**2 + f + 2. Let d(o) = 3*o**3 - 6*o**2 - o - 5. Let p be (15/25)/((-3)/15). Let a(x) = p*d(x) - 5*l(x). Give a(-4).
-3
Let l(n) = 7*n**3 - n**2 - 7*n - 15. Let z(f) = -15*f**3 + 3*f**2 + 14*f + 31. Let p(h) = 13*l(h) + 6*z(h). Give p(-6).
-3
Let o(f) = f**3 + 3*f**2 - 5*f + 2. Let n be 0/1*(-2)/(-4). Suppose 3*d + 5*m + 37 = n, -5*d = 4*m - 0 + 40. Calculate o(d).
6
Let n(s) = 0 + 0 - s. Let t(z) = -z + 3. Let l be t(0). Suppose -3*y = -l*p - 2*y - 19, 2*p = -4*y + 6. Calculate n(p).
5
Let h(i) = -i**3 - 4*i**2 + 6*i - 3. Suppose -21 = 5*l - o + 6, -2*l = 2*o + 6. Determine h(l).
-8
Let a(u) be the third derivative of -u**7/2520 - u**6/240 - u**5/40 + 7*u**4/24 - 2*u**2. Let o(d) be the second derivative of a(d). What is o(-2)?
-1
Let d(l) = l**3 + 7*l**2 - 5. Let f be d(-7). Let r(a) = -a + 6. Determine r(f).
11
Let i(q) = 23*q**3 + 3*q + 2*q**2 - 5*q + 1 - 36*q**3. Determine i(1).
-12
Let o(d) = -d**3 - 3*d**2 - 2. Let i be -25*(-1 - 6/(-10)). Suppose 3*s - s + 4*h = i, 5*h = -2*s + 14. Let y be 2/2*1*s. Calculate o(y).
-2
Suppose -5*r + 45 = -5*v, -v - r - 1 = -0*v. Let m be 7*(-2 - (-64)/28). Let t(o) = o**2 + 4*o + 1 - 3*o + m*o + o. Calculate t(v).
6
Let z = 2 - 8. Let f(h) = -3*h**2 + 2*h - 1. Let o(j) = 2*j**2 - 2*j + 1. Let i(s) = z*o(s) - 7*f(s). What is i(1)?
8
Let f(r) = -r + 7. Let z(j) = 2*j - 9. Let m(i) = i - 4. Let a(x) = 7*m(x) - 3*z(x). Let p(t) = -2*a(t) - f(t). Give p(-4).
-1
Let g(i) = i**3 + 9*i**2 + 8*i - 6. Let j be g(-8). Let l(h) be the third derivative of -h**4/24 - 4*h**2. Give l(j).
6
Let g(x) = -x**3 + x**2 + 2*x. Let b(h) = h**3 - 2*h**2 - 3*h. Let f(q) = 3*b(q) + 4*g(q). What is f(-1)?
0
Let j(s) = s + 10. Let b(u) = u + 11. Let q(k) = -4*b(k) + 5*j(k). Let w(a) = -4*a**2 - 3*a**2 + 3*a**2 + 3*a**2 + 1 + a. Let p be w(3). Calculate q(p).
1
Let t(c) = c**2 + 6*c + 7. Let y(x) = -2*x**2 - 13*x - 13. Let n(g) = -5*t(g) - 3*y(g). Calculate n(-6).
-14
Let x be (3/3)/((-1)/(-4)). Suppose -n - 5*o = -4*o - x, -n = -2*o + 8. Let t(f) = 1 - f**2 + f + n*f + 0. What is t(2)?
-1
Suppose -2*y - 6 = -r - y, 2*r = -5*y + 19. Suppose 5*w = 2*c - 18, -5*c + 15 = 2*w - r*w. Let t(d) = 7*d**3 - 1. Calculate t(c).
-8
Let d(v) = -6*v**3 + 2*v**2 - 2*v + 1. Suppose 0 = -0*l - 2*l. Suppose y = -l*y + 1. Let c be d(y). Let m(i) = -i**3 - 4*i**2 + 6*i + 2. Calculate m(c).
-3
Let q(r) = 0 + 2*r - 5*r**2 + 3 - 4. Let u(x) = -x**3 + 2*x**2 + 5*x - 3. Let l be u(3). Suppose -2*n = 0, 4*h - 2*n - l*n = 4. What is q(h)?
-4
Let a be 6 + 4*(0 - 1). Let j(u) be the second derivative of -u**4/12 + 2*u**3/3 - u**2 - u. Determine j(a).
2
Let p(y) = -y**2 + 184*y - 183*y + 0 - 14*y**3 - 1. Give p(1).
-15
Let t(v) = v**3 + v**2 - v. Let y = -15 - -14. What is t(y)?
1
Let q(w) = w**2 + 2*w - 3. Let t be q(-4). Let r(n) be the third derivative of -n**4/24 + 4*n**3/3 + 3*n**2. Give r(t).
3
Suppose -5*g + 55 = 5*r - 0*r, -3*g = -15. Let o(l) = 5*l - 8. Let n(i) = -11*i + 16. Let j(a) = -2*n(a) - 5*o(a). What is j(r)?
-10
Let y(c) = -3*c. Let h(a) = 1. Let g(m) = -5*h(m) + y(m). Let b = -6 + 2. Calculate g(b).
7
Let p(i) = i**3 + 6*i**2 + 2*i + 2. Let x = 48 - 27. Suppose 0 = -3*n + 5*y - 23, 2*n - 4 = 5*y - x. Determine p(n).
-10
Let h(u) = -13*u**2 - 4*u + 2. Let k(c) = -6*c**2 - 2*c + 1. Let m(i) = -2*h(i) + 5*k(i). What is m(1)?
-5
Let b(t) = -t**2 - 2*t + 2. Let h be b(-2). Suppose -2*d + 18 = n, h*d = -d + 12. Let k = n - 9. Let f(x) = 5*x**3 - x**2. Determine f(k).
4
Let w(i) = i**3 + 1. Suppose -2*b = b. Calculate w(b).
1
Let q(j) = -3*j**2 + 4*j - 2. Let u be (1 - 2) + (-27)/(-3). Suppose 4*z + 4 = u*z, -4*s - 56 = 4*z. Let r be (-1 + -2)*10/s. Calculate q(r).
-6
Let l = 19 - 16. Suppose l*d - 4*x = 10, d = 5*d - x - 22. Let n(h) = h**2 - 6*h + 5. Determine n(d).
5
Suppose -3*c + 2 = -2*c. Suppose 3*w = -c*w. Let i(s) = s - 4. Determine i(w).
-4
Let k(t) be the second derivative of -2*t - 3*t**2 + 0 + 1/6*t**3. Suppose 5 = d - 0*d. Give k(d).
-1
Let w(f) = f**2 + 5*f. Let b(a) = a**3 + 6*a**2 + a + 4. Let m be b(-6). Let r(u) = 2*u - 1. Let v be r(m). Determine w(v).
0
Suppose -7*l = 4*s - 4*l - 19, -5*s + 4*l = -16. Let u(b) = b**2 - 5. Give u(s).
11
Let a = -20 - -22. Let y(m) = 5*m**3 + 7 - m**3 - a*m**3 + 5*m**2 - m**3. Determine y(-5).
7
Let a(y) = -y - 2. Let p(u) = u**3 - 4*u**2 - 4*u + 7. Let s(f) = f**3 - 4*f**2 - 3*f + 8. Let w(o) = 3*p(o) - 2*s(o). Let n be w(5). Give a(n).
-2
Let z(v) = -7*v**2 - 9*v**2 - v + 9*v**2 - 11*v**2. Calculate z(-1).
-17
Let n be ((-1)/1)/1*1. Let w(m) be the third derivative of 2*m**5/15 + 13*m**2. What is w(n)?
8
Let b(u) = -3*u + 1. Let v be 3 + 2 + -3 + -2. Suppose -4*k = 5*z + 33 - 6, 2*z + 6 = v. Give b(k).
10
Let h(i) = -6 + 0*i - 3 - 2*i. Let p be h(-7). Let x(r) = -3*r**2 - 4. Let j(m) = -5*m**2 - m - 7. Let g(z) = -4*j(z) + 7*x(z). Determine g(p).
-5
Let c(x) = 9*x**2 - 25*x - 10. Let v(p) = -5*p**2 + 13*p + 5. Let z(u) = -6*c(u) - 11*v(u). Determine z(-6).
-1
Let q(z) = -4*z + 3 + z**2 + 2 - z + 0. Determine q(5).
5
Let p(s) = s**3 + s**2 - 1. Let u = -9 - -8. Let h be (1*u)/(5/5). Determine p(h).
-1
Let d be (4 - (0 - -2))/(-2). Let f be -1*(1 + d) + -1. Let k(a) = 3*a - 5. Let z(p) = -5*p + 9. Let i(t) = -11*k(t) - 6*z(t). What is i(f)?
4
Let w(i) = -i - 5. Let p be w(-6). Let s(o) = 2 + 0*o - p - 5*o - o. Suppose 0 = 5*r, -5*h = -h - 2*r + 4. Calculate s(h).
7
Let d(n) be the first derivative of -n**2 + 2*n - 6. Calculate d(4).
-6
Let t(p) = -5*p + 3. Let c = -2 - -5. Calculate t(c).
-12
Suppose -4*a + 0*a + 48 = 0. Let o = 12 - a. Let x(i) = i - 2. Give x(o).
-2
Let t(a) = -a**3 - 8*a**2 - 5*a + 9. Suppose -28 = 4*s + 3*n - n, s - 5*n = -7. Give t(s).
-5
Let m(k) = -5*k + 4*k - 1 + 2*k - 3. Suppose 2*h - h = -8. Let b = h + 11. Give m(b).
-1
Let b(r) = -7*r + 1. Let h(v) = 20*v - 3. Let